
1242234
In base 15, what is -4 - -235de?
235da
In base 13, what is -20956 + -19?
-20972
In base 15, what is 2 - -7a5a6?
7a5a8
In base 8, what is 11 + -162745?
-162734
In base 15, what is -13 + -605?
-618
In base 2, what is -1 - -10110011011011?
10110011011010
In base 6, what is 41545 + -1350?
40155
In base 8, what is -13 - 474?
-507
In base 10, what is 2 - -3493?
3495
In base 6, what is -2021 - -2410?
345
In base 5, what is -1 - 40014341?
-40014342
In base 8, what is 1 - 3776641?
-3776640
In base 6, what is 2 - 313004?
-313002
In base 11, what is 146 - -195?
330
In base 7, what is -14 - -1215325?
1215311
In base 7, what is -1335 + -152?
-1520
In base 8, what is 264013 - 3?
264010
In base 11, what is -3 - 1732?
-1735
In base 12, what is 151130 - -4?
151134
In base 10, what is 15798 + -17?
15781
In base 10, what is 9 - -45080?
45089
In base 11, what is 138a7 + 0?
138a7
In base 12, what is 3 + -13b46?
-13b43
In base 8, what is -1401365 + 2?
-1401363
In base 5, what is 2 + 313012240?
313012242
In base 4, what is -303 - 3222?
-10131
In base 10, what is -1 + 421512?
421511
In base 9, what is -4 + -165867?
-165872
In base 16, what is 2128 + -5?
2123
In base 12, what is -2 - -2b73a?
2b738
In base 4, what is -1232321303 - 2?
-1232321311
In base 8, what is 1732571 + -3?
1732566
In base 16, what is -e08a1 - -1?
-e08a0
In base 7, what is 3354 - 230?
3124
In base 12, what is 3 - -49579?
49580
In base 10, what is 45 - -8556?
8601
In base 2, what is -11010001011 - 0?
-11010001011
In base 16, what is -a14c + 3?
-a149
In base 7, what is -2 + 305566?
305564
In base 15, what is -45a3 + d?
-4595
In base 9, what is 40 - 2274?
-2234
In base 13, what is 1 - 7aa0?
-7a9c
In base 14, what is 844a6 + 4?
844aa
In base 2, what is -101 + -1011101111110?
-1011110000011
In base 13, what is -14 - 39a9?
-39c0
In base 11, what is -2a1715 - 2?
-2a1717
In base 10, what is 3921 - -30?
3951
In base 10, what is 2704235 + -1?
2704234
In base 14, what is -402 - -7?
-3d9
In base 11, what is 567 + 17a?
736
In base 7, what is -10 + 1014302?
1014262
In base 2, what is 1001000101100 - -110?
1001000110010
In base 16, what is 10 - 62b38?
-62b28
In base 7, what is 2234 - -303?
2540
In base 10, what is 30870 + 57?
30927
In base 14, what is 1 - -34351?
34352
In base 3, what is 10 + -20222222002?
-20222221222
In base 9, what is -384 - -110?
-274
In base 4, what is 11 - -3122030?
3122101
In base 13, what is 1 + b1719?
b171a
In base 6, what is 5022 - 14?
5004
In base 3, what is 2 - -11112111000?
11112111002
In base 4, what is -110 + 312231?
312121
In base 10, what is 17127 + 5?
17132
In base 11, what is 7 - 98542?
-98536
In base 11, what is -13699 + 1?
-13698
In base 4, what is 1 + 11201?
11202
In base 8, what is -6 - 6202?
-6210
In base 5, what is -1001043123 - 3?
-1001043131
In base 14, what is 2 - -34b9?
34bb
In base 16, what is 426 - b?
41b
In base 15, what is -8b + 475b?
46c0
In base 10, what is 676 + 258?
934
In base 16, what is -137 + 6da?
5a3
In base 15, what is -3 + 22875?
22872
In base 15, what is 3eb - 25?
3c6
In base 9, what is -381 + -312?
-703
In base 14, what is -4 - -6629?
6625
In base 14, what is -4c4c + -3?
-4c51
In base 2, what is 1000011110001 - 11010111?
1000000011010
In base 3, what is 11 + -121122221?
-121122210
In base 13, what is c + -17b43?
-17b34
In base 10, what is -70077 + 1?
-70076
In base 15, what is 6a22 + -3?
6a1e
In base 3, what is -12 - 1211122010?
-1211122022
In base 15, what is -5 + 10e6?
10e1
In base 12, what is -991a1b - 4?
-991a23
In base 8, what is -3 - -22755?
22752
In base 9, what is -7660 - 5?
-7665
In base 9, what is -123731 - 2?
-123733
In base 2, what is -11010 + 1001110101111?
1001110010101
In base 16, what is -25d7 - -f?
-25c8
In base 5, what is -31122 + -2140?
-33312
In base 9, what is -17072 - 10?
-17082
In base 13, what is a98 + -52?
a46
In base 10, what is -5 - -13317?
13312
In base 10, what is 6462 + 45?
6507
In base 14, what is -a12 - -875?
-17b
In base 8, what is 467376 - -11?
467407
In base 11, what is -11 + -2?
-13
In base 9, what is -7 + 187786?
187778
In base 4, what is -2 + -103232033?
-103232101
In base 11, what is -49333 + 1?
-49332
In base 16, what is -17c - 1c4?
-340
In base 2, what is -11000010100 - 111000111011?
-1010001001111
In base 8, what is 16665 + -16?
16647
In base 5, what is -32311300 - 3?
-32311303
In base 13, what is -1047c + -6?
-10485
In base 4, what is -3 + 2001031113?
2001031110
In base 15, what is -80 - 1d?
-9d
In base 13, what is 27b8 - -7?
27c2
In base 2, what is -10010 + 1001010111101?
1001010101011
In base 13, what is -1 - -1875?
1874
In base 5, what is 100 + -30021?
-24421
In base 15, what is 22246 - 5?
22241
In base 6, what is -2324 + 300?
-2024
In base 16, what is 1e + 7c?
9a
In base 6, what is -41 + 205?
124
In base 12, what is 1 - -190799?
19079a
In base 4, what is 200223 + 20302?
221131
In base 16, what is 1 - -7733?
7734
In base 10, what is 622 - 4631?
-4009
In base 10, what is 47 + -98037?
-97990
In base 7, what is -1056666 - 5?
-1060004
In base 8, what is 115103 + -4?
115077
In base 7, what is 2404 + 3212?
5616
In base 13, what is -6c41 - 8?
-6c49
In base 7, what is 65043 - 5?
65035
In base 10, what is -61646 - 4?
-61650
In base 10, what is -304 - 1?
-305
In base 13, what is 22a - -8?
235
In base 2, what is 1 - -10101110110000110?
10101110110000111
In base 15, what is -a9 - -e5?
3b
In base 6, what is 14 - 15443211?
-15443153
In base 12, what is a06 + -13?
9b3
In base 6, what is 4324024 + -32?
4323552
In base 5, what is 3024021 + 142?
3024213
In base 9, what is -2 - -243331?
243328
In base 3, what is 200111 - 101020021?
-100112210
In base 16, what is -b + 5c36?
5c2b
In base 12, what is -3 + 33483?
33480
In base 7, what is 2 - -30635?
30640
In base 15, what is -1a - -26b?
251
In base 5, what is 1041142 - -4?
1041201
In base 7, what is -25555 - -31?
-25524
In base 6, what is 11 + 1112425?
1112440
In base 11, what is 4968 - 9?
495a
In base 4, what is 10132 - 213213?
-203021
In base 4, what is -2003 - -10?
-1333
In base 10, what is 303 + -829?
-526
In base 16, what is -16a88 + -3?
-16a8b
In base 13, what is -3 - 43982c?
-439832
In base 3, what is -20 - 102100200?
-102100220
In base 9, what is -1781 + 2605?
714
In base 16, what is -6c36e - 1?
-6c36f
In base 16, what is 352d0 - 6?
352ca
In base 2, what is 11 + -1001011010100000?
-1001011010011101
In base 14, what is c557 + 5?
c55c
In base 10, what is 4 + 118093?
118097
In base 14, what is 2 - c0423?
-c0421
In base 6, what is 215 + 45114?
45333
In base 11, what is -1003 + 1440?
438
In base 5, what is -20113 + -101?
-20214
In base 7, what is 161 + 3014?
3205
In base 12, what is -8069 + 0?
-8069
In base 4, what is -3 - -201113?
201110
In base 9, what is 2 + -100012?
-100010
In base 6, what is -234052 - -1?
-234051
In base 14, what is -a20 - -17b?
-883
In base 3, what is 2212002 - 102?
2211200
In base 3, what is -20012102002 - 111?
-20012102120
In base 5, what is -21133 + -100?
-21233
In base 5, what is 2230 + 302312?
310042
In base 7, what is 1 - -1536564?
1536565
In base 4, what is 0 - 12001233?
-12001233
In base 14, what is -5 - -5b59?
5b54
In base 12, what is -401 + 166?
-257
In base 8, what is 253 - -33?
306
In base 16, what is -8 - -f63?
f5b
In base 5, what is -212320401 - -3?
-212320343
In base 15, what is -200b21 + 4?
-200b1c
In base 7, what is 155366 + -2?
155364
In base 9, what is -28476 - 5?
-28482
In base 2, what is -11 - 101110011111000111?
-101110011111001010
In base 12, what is 16 + 11b8a?
11ba4
In base 3, what is -101001221100 - -2?
-101001221021
In base 8, what is -2 + 27135?
27133
In base 14, what is 1789b - -4?
178a1
In base 9, what is -103 - 324?
-427
In base 15, what is -142 - 2?
-144
In base 2, what is 110111 + 1010011101111?
1010100100110
In base 7, what is -110 + 105201?
105061
In base 4, what is 132 + -21?
111
In base 3, what is -22000 + -11120?
-110120
In base 11, what is 1161 + -33?
1129
In base 4, what is 223020321 + 10?
223020331
In base 11, what is 159 - -10921?
10a7a
In base 14, what is -4 + -39c5?
-39c9
In base 5, what is -202422 + 433?
-201434
In base 2, what is -1001010011100110001 - -101?
-1001010011100101100
In base 6, what is 530410 - 3?
530403
In base 9, what is -28 - -6254?
6225
In base 16, what is a794 - -41?
a7d5
In ba